2 + 10*n + 43. Let c be w(13). Determine q(c).
10
Let z(q) = -2*q**2 - 5*q + 13. Let h(b) = 3*b**2 + 8*b - 20. Let o(s) = -5*h(s) - 8*z(s). Let d(u) = -u**2 - 4*u + 1. Let j be d(-5). Calculate o(j).
12
Let b(k) = -k**2 - k + 4. Suppose 0 = 3*m - 6 + 21. Determine b(m).
-16
Suppose -4*y - 49 = -5*p, 3*y = -0*y + p - 23. Let t(c) be the first derivative of -c**2/2 - 3*c + 2. Determine t(y).
3
Let h(m) = -2*m**2 + m. Let q(z) = 3*z**2 - 2*z - 1. Let c(y) = 5*y**3 - y**2 + 2*y - 1. Let r be c(1). Let l(i) = r*h(i) + 3*q(i). Calculate l(0).
-3
Let j(r) = 7*r - 1. Let f(p) = 20*p - 2. Let a(o) = 6*f(o) - 17*j(o). Suppose -b - 4*m - 25 = -6*b, 4*b - 20 = 5*m. Suppose -b*w - 2 = 18. Give a(w).
1
Let y be ((-28)/5)/(3/(-15)). Suppose -3*h + 4*g + y = 0, 0 = h - 8*g + 3*g - 24. Let x(p) = -p**2 + 4*p + 1. Determine x(h).
1
Let n(w) = w**2 - 3*w - 3. Suppose t = -5*c + 21, 22 + 3 = 5*c. Let u be (-13)/(-4) - (-1)/t. Suppose h - u*b + 11 = 5*h, -3*h = -2*b - 21. Calculate n(h).
7
Let c(x) = -3*x**2 - 23*x + 24. Let k(v) = -2*v**2 - 12*v + 12. Let f(w) = -3*c(w) + 5*k(w). Give f(8).
-4
Let j(w) = -w - 1. Let b(v) = -v**2 + 5*v + 7. Suppose -5*x + p + 35 = 0, p - 14 + 1 = -3*x. Let g be b(x). What is j(g)?
-2
Let g(a) = 0*a + 7 - 12 + 4*a - 5*a. What is g(0)?
-5
Let v(h) be the first derivative of -2*h**3/3 + 2*h**2 - 3*h + 1. Let l = -3 - -5. Suppose 3*f - 2*a = l, -2*f + 3*f - 4 = -a. Calculate v(f).
-3
Let i(l) = -l**3 + l + 4. Let m be i(0). Suppose -g + 4*c - 4 + 16 = 0, -26 = -m*g + 5*c. Let o(r) = -5*r + r - r - 3 + g*r. Calculate o(-6).
3
Let l(x) = -x - 5. Let f(u) = -u - 6. Let d(q) = 5*f(q) - 6*l(q). Give d(1).
1
Let h(k) = -5*k**3 - k**2 - 5*k - 1. Let i(z) = z**3 + z**2 + z + 1. Let d(p) = -h(p) - 6*i(p). Let t be ((-5)/(-3))/((-13)/39). Give d(t).
0
Let n(k) = -k + 4. Let u(d) = -d + 1. Let b(t) = -n(t) + 2*u(t). Let m be (-1)/6 + 25/6. Let q = 2 - m. Calculate b(q).
0
Let q(u) = u**3 + 6*u**2 + 5*u - 5. Let g be q(-5). Let l(t) be the third derivative of t**5/60 + 5*t**4/24 + 2*t**3/3 - 3*t**2. Calculate l(g).
4
Let m be 13/(-39)*(0 - 9). Let b = 4 - 2. Let g(j) = -4*j - 2 + b*j + 0*j. Determine g(m).
-8
Let i(y) = -y**2 - 5*y - 4. Let x be i(-3). Let j be (-15)/(-10) - x/4. Let p(l) = -9*l - 2 - l**2 + j + 6*l. Determine p(-2).
1
Suppose -5*t + 21 = -2*t - 3*m, 3*t - 3 = -3*m. Suppose -u + 10 - t = 0. Let k(o) = -o**3 + 7*o**2 - 6*o + 1. Calculate k(u).
1
Let w(t) = -t - 1. Let z(x) = -2*x - 11. Let j(f) = -3*w(f) + z(f). Calculate j(-6).
-14
Let h(a) = -a - 3. Let n(k) = 2*k**2 + 7*k + 2. Let l(w) = 3*w**2 + 10*w + 3. Let q(v) = -5*l(v) + 8*n(v). Let t be -5*(1 + -1 + 1). Let c be q(t). Give h(c).
1
Suppose -5*a - 4*t - 44 = 1, -4*t - 20 = 0. Let x(r) = -4*r + 1. Calculate x(a).
21
Let w be 1/(((-6)/10)/(-3)). Let z(g) = -7*g**2 + 4*g - 4. Let r(j) be the first derivative of j**3 - j**2 + 2*j + 2. Let u(p) = w*r(p) + 2*z(p). Give u(2).
2
Let b(k) be the first derivative of -k**3/6 + 5*k**2/2 + 2*k + 1. Let c(i) be the first derivative of b(i). What is c(-4)?
9
Suppose t + 0 = -6. Let g(z) = -z - 4. Calculate g(t).
2
Let o(m) = m + 7. Let l(h) = h + 8. Let d(a) = 5*l(a) - 6*o(a). What is d(-3)?
1
Let d = 56 + -32. Suppose 2*s + 5*m + d = 0, 5*m + 35 = -3*s + 9. Let o(p) be the second derivative of -p**3 - 3*p**2/2 + p. Give o(s).
9
Let t(g) = -g**3 + 2*g**2 + g - 4. Let w(o) = -6*o**3 + 9*o**2 + 6*o - 21. Let x(d) = -11*t(d) + 2*w(d). Give x(-4).
-2
Let t(u) be the third derivative of 5/24*u**4 - 4*u**2 - 1/60*u**5 + 0*u - 1/120*u**6 + 0 + 1/3*u**3. Calculate t(-3).
5
Let y(u) = u**3 + 5*u**2 + u. Let x be y(-5). Let m(k) = -k**3 - 5*k**2 + 2*k + 6. Calculate m(x).
-4
Let d = 6 - -1. Let i(u) = -4 - u - d + 5. Let s = 8 + -13. Calculate i(s).
-1
Let i(d) = d + 2. Let m = -5 - -3. Let g be -14 - 6*1/m. Let b(v) = 5*v + 11. Let f(s) = g*i(s) + 2*b(s). What is f(-6)?
6
Let p = -150 + 100. Let v be 2/(-9) - p/(-18). Let b(n) = -n**2 - 8*n - 3. Let l(m) = 2*m**2 + 17*m + 6. Let i(s) = -9*b(s) - 4*l(s). Calculate i(v).
0
Let m(w) = -w + 3. Let i(c) be the third derivative of 1/60*c**5 + 0*c**4 + 0*c + 0 - 1/2*c**3 + c**2 - 1/120*c**6. Let r be i(0). Calculate m(r).
6
Let j(s) be the third derivative of s**6/120 + s**5/15 + s**4/24 - s**3/6 + 15*s**2. Let v be 2/((-1 - 0)/2). Calculate j(v).
-5
Suppose -3*s + s + 10 = 0, -4*s = 2*p - 32. Let y(r) = r**3 - 5*r**2 - 7*r + 4. Let w be y(p). Let h(u) = 4 - 2 + 4*u + 1 + 0. Calculate h(w).
-5
Let h(k) = -k**3 + 9 + 8*k + 5*k**3 - 6*k**2 - 5*k**3. Calculate h(-7).
2
Let n(h) = 2*h - 7. Let x be n(6). Let u(q) = -2*q + 3. Calculate u(x).
-7
Let c(r) = r + 1. Suppose 2 = -2*a + 4. Let m(v) = -2*v**3 + 8 - 13 - 4*v - v - 4*v**3 + v**2. Let l(o) = a*m(o) + 4*c(o). Calculate l(-1).
7
Let v(f) = f - 2. Let l be ((-2)/5)/(7/(-70)). Calculate v(l).
2
Let r(g) = 0*g + 0*g + g - 7*g**2 - g**3 + 2. Give r(-7).
-5
Let f(j) be the first derivative of j**2/2 - 4*j + 6. What is f(4)?
0
Let p be 0 - (-2 + (-1)/1). Suppose 2*t + 1 = -p*r, r = -2*t - 3*t - 9. Let x be (t - 0)*(-6)/(-4). Let b(j) = j + 1. What is b(x)?
-2
Let f(b) be the first derivative of b**2/2 + 3*b + 35. Let a be 16/(-3) - (-2)/(-3). Determine f(a).
-3
Let u(q) = -q**3 + 11*q**2 + 14*q - 18. Let o be u(12). Let j(f) = -f**3 - 6*f + 5*f + 2 + 7*f**2 - 5*f. Give j(o).
2
Let z(v) be the third derivative of v**6/120 - 2*v**5/15 + v**4/4 + 2*v**3/3 + 12*v**2. Give z(7).
-3
Let s(v) = -2 + 3*v**2 - 2*v - 4*v**2 + 1 + 6*v. Let b be s(4). Let f(p) = -2*p**3 + 2*p + 1. Determine f(b).
1
Let q(v) = v + 6. Suppose 5*f = n - 18, 4*n - 6 = 2*f + 12. Suppose -4*m - n = -39. Suppose 3*o + 4*p + 7 = 0, 4*p + 8 = -5*o - m. Determine q(o).
1
Suppose -4*g = -0*g. Let m be (g + 1)*0 - -2. Let t(d) = 1 - d - 2*d**m + 4*d**2 - 3*d**2. Determine t(-2).
-1
Let b(i) = 3*i**2. Let m be b(1). Suppose 8 - m = j. Let q(g) = 0*g**2 - 5 - 4*g + g**2 + 0*g**2. Give q(j).
0
Let f be (0 + 2)/((-1)/(-2)). Let o(u) be the second derivative of -u**5/20 + u**4/4 + u**3/3 - 3*u**2 + 13*u - 2. Calculate o(f).
-14
Let c(q) = q**2 - 2*q - 3. Let j be c(3). Let u be 1/2 + (-5)/(-2). Let m(a) = -3*a**2 - 5*a**3 + a + 4*a**u + 2*a**2. Give m(j).
0
Let i be (-9)/(-6)*(-8)/6. Let d(n) = 2*n**2 - n - 1. What is d(i)?
9
Let x(i) = i**3 - 4*i**2 - i + 2. Let y(s) = 5*s. Let f be y(1). Suppose -4*o - 7 = -f*o. Suppose p + 4 = o. What is x(p)?
-10
Suppose d - 30 = -4*d. Let i(p) = -3 + 0 - 3*p**3 + 2*p**3 + 5*p**2 + 6*p. Give i(d).
-3
Let x(v) = 10*v - 3. Let u(g) = -7*g - 2 - 1 + 10*g + 2. Let n(i) = -7*u(i) + 2*x(i). Suppose -y - 1 + 0 = 0. Determine n(y).
2
Let s be -3*(16/3 + -6). Let p(z) = -2*z**2 + 4*z - 2. Determine p(s).
-2
Let l(g) = g**3 - 4*g**2 + 2*g - 4. Let h be 7 + -3*3/3. Suppose 8 = 3*p - h. What is l(p)?
4
Let j(u) = -2*u + 3*u - 2*u + 1. Give j(-6).
7
Let c(a) = -a. Let l(z) = z**3 + 3*z**2 - 4*z - 5. Let n be l(-4). Give c(n).
5
Let w(s) = -s**3 + 3*s**2 - s + 1. Let i be (-226)/8 + (-3)/(-12). Let v be (-8)/i + (-9)/7. Let t(c) = 4*c**2 + c. Let h be t(v). Determine w(h).
-2
Suppose -2*r + 4*r + 4 = 2*j, -2*j = 5*r - 4. Let n(o) = o**j + 2*o - 3*o + 2*o + 0*o. Calculate n(-1).
0
Let c(q) = -q**3 - 6*q**2 + 4*q + 5. Let g(a) = 2*a**3 + 4*a**2 + 5*a + 4. Let l be g(-2). Determine c(l).
-19
Suppose 51*x - 9 = 54*x. Let a(l) = 6*l - 3. Give a(x).
-21
Let f(b) = 7*b. Let a be f(1). Suppose -4*g = 17 + a. Let m = 7 + g. Let o(d) = -10*d. Determine o(m).
-10
Let n(j) = j**2 - 3*j. Let z = -7 - -11. Let b be n(z). Suppose -q + b = -0*q + 3*c, -2*q = 4*c - 8. Let v(l) = l - 5. What is v(q)?
-1
Let k(m) = -m**3 + 9*m**2 + 4. Let h be k(9). Let y(r) = -r + 3. Calculate y(h).
-1
Let s(c) = c**2 + c - 5. Let q be s(-3). Let h(n) be the first derivative of -1/3*n**3 + 1/2*n**2 + q + 4*n. Determine h(4).
-8
Let b be 3/((-46)/20 + 2). Let o be 16/b + 4/(-10). Let i(s) = -s**3 + s + 1. Let m(c) = -2*c**3 + c**2 + c + 2. Let v(f) = -3*i(f) + m(f). Determine v(o).
-1
Let q(u) be the third derivative of -1/60*u**5 - 1/8*u**4 - 1/3*u**3 + 0 + 4*u**2 + 0*u. Suppose -2*r + 0 = 4. What is q(r)?
0
Let f(a) be the second derivative of -a**4/12 - a**3 - a**2/2 + 2*a. Determine f(-4).
7
Let j(s) = 4*s**3 - 2*s**2 - 13*s + 6. Let z(p) = 2*p**3 - p**2 - 7*p + 3. Let v(n) = -3*j(n) + 5*z(n). Let w(y) = y*